*q**3 - 2*q**2 + 1. Calculate u(-1).
35
Let k(i) = -i - 6. Calculate k(-4).
-2
Let w(c) = c**2 + 5*c + 1. Give w(-2).
-5
Let k(x) = -x**3 + 7*x - 22. Give k(0).
-22
Let q(b) = -b**2 + 3*b - 1. Determine q(1).
1
Let m(b) = 2*b**2 + b + 1. Calculate m(2).
11
Let r(d) = -6*d**3 - d - 2. Give r(-1).
5
Let m(f) = f**3 + 18*f**2 + 19*f + 14. Calculate m(-17).
-20
Let p(y) = 2*y**3 + 21*y**2 + 9*y + 9. What is p(-10)?
19
Let p(z) = -4*z + 64. Determine p(17).
-4
Let n(l) = l**2 + 18*l + 68. Calculate n(-14).
12
Let r(d) = -d**2 + 14*d - 57. Give r(10).
-17
Let k(q) = 2*q**2 - 23*q + 7. Calculate k(11).
-4
Let u(l) = 10*l - 64. Give u(7).
6
Let t(a) = -a**3 + a**2 - 10. What is t(0)?
-10
Let j(c) = -3*c**2 - 4*c + 3. What is j(2)?
-17
Let h(a) = -a - 26. Calculate h(-6).
-20
Let u(f) = 2*f - 4. What is u(8)?
12
Let r(n) = -n**3 + 24*n**2 - 22*n - 26. What is r(23)?
-3
Let d(q) = q + 5. Determine d(-15).
-10
Let n(m) = -m**3 - 9*m**2 - 13*m - 36. Calculate n(-8).
4
Let x(z) = z**2 + 3*z - 18. Calculate x(-5).
-8
Let y(j) = 13*j**2 - j. Give y(2).
50
Let m(q) = q**2 - 13*q - 231. Give m(-10).
-1
Let c(t) = t**3 + 6*t**2 - 27*t - 85. What is c(-8)?
3
Let u(l) = -l**2 - 4*l + 2. Determine u(-5).
-3
Let w(y) = 2*y**2 - 11*y - 26. Determine w(9).
37
Let o(u) = -5*u + 32. Give o(6).
2
Let f(t) = -t**3 + 7*t**2 - 6*t - 7. What is f(6)?
-7
Let d(t) = 5*t - 64. What is d(12)?
-4
Let o(x) = 110*x + 2. Give o(1).
112
Let f(o) = -o**3 + o**2 + 2*o + 5. Give f(0).
5
Let f(s) = -s**2 + 8. Calculate f(-4).
-8
Let c(p) = -5*p**2 - 10*p - 2. Calculate c(2).
-42
Let q(h) = 4*h + 2. Give q(1).
6
Let p(f) = 5*f + 26. Give p(-11).
-29
Let p(r) = -2*r**3 - r**2 + r + 2. Calculate p(-3).
44
Let a(x) = -10*x - 36. Give a(-14).
104
Let s(b) = -30*b**2 + b + 5. What is s(1)?
-24
Let p(k) = 3*k**2 - 6*k - 5. Determine p(4).
19
Let y(z) = z**3 + 17*z**2 + 51*z + 31. What is y(-14)?
-95
Let l(u) = -62*u - 1. Give l(-1).
61
Let x(w) = w**3 + 7*w**2 + 9*w + 7. What is x(-6)?
-11
Let t(j) = j**2 + 10*j - 13. Calculate t(-13).
26
Let p(d) = d**3 - 11*d**2 - 3*d + 28. Give p(11).
-5
Let n(c) = 2*c**3 - 2*c**2 - 2*c + 1. Determine n(2).
5
Let v(w) = w**2 - 38*w - 44. What is v(39)?
-5
Let t(g) = g**3 - g**2 - 14. Determine t(0).
-14
Let f(g) = 2*g - 1. Determine f(3).
5
Let p(c) = 2*c**2 - 24*c + 18. Determine p(9).
-36
Let a(i) = i**2 - 12*i + 29. Give a(9).
2
Let o(z) = 2*z - 26. Give o(14).
2
Let r(l) = l**2 - 9*l - 13. Calculate r(10).
-3
Let c(m) = -m**3 + 13*m**2 - 10*m - 42. Give c(12).
-18
Let v(c) = -5*c - 9. Give v(-6).
21
Let r(k) = -k**3 - 2*k**2 - 2*k + 1. Calculate r(-3).
16
Let q(s) = s - 4. Determine q(-5).
-9
Let s(y) = y**2 - 8*y - 7. What is s(9)?
2
Let m(n) = n**2 + 25*n - 45. Give m(-27).
9
Let b(v) = v**2 - 2*v + 2. Calculate b(4).
10
Let p(i) = 6*i**2 + 2*i - 2. Determine p(2).
26
Let k(w) = -w**3 - 21*w**2 - 38*w + 5. Calculate k(-19).
5
Let f(n) = -12*n + 209. Give f(17).
5
Let s(k) = k**3 + 8*k**2 + 8*k - 5. Calculate s(-7).
-12
Let l(w) = -2*w**3 - 15*w**2 - 6*w + 10. Calculate l(-7).
3
Let y(n) = n**2 - 12*n - 28. Determine y(10).
-48
Let v(z) = -4*z - 34. Give v(-9).
2
Let a(g) = g**3 + g + 14. What is a(0)?
14
Let w(a) = a**3 - 9*a**2 + 7*a - 1. Determine w(8).
-9
Let z(m) = -m + 7. Calculate z(11).
-4
Let h(g) = -47*g**2 - 4*g + 5. Determine h(1).
-46
Let w(v) = -v + 7. Calculate w(4).
3
Let o(m) = m**2 + m - 22. What is o(5)?
8
Let x(m) = -m**3 + 7*m**2 - m - 8. Calculate x(6).
22
Let a(u) = -3*u**2 - 95*u - 59. Calculate a(-31).
3
Let f(c) = c**2 + 9*c - 11. Determine f(-10).
-1
Let w(i) = -i**2 - 15*i - 23. Calculate w(-7).
33
Let m(w) = 7*w + 1. Determine m(1).
8
Let r(i) = -3*i**3 + 4*i**2 + 2*i - 1. Determine r(-1).
4
Let f(y) = y**2 + 47*y + 1. Give f(-47).
1
Let a(m) = 2*m**2 + 15*m - 2. What is a(-8)?
6
Let x(f) = -f**3 - 9*f**2 - 7*f - 5. Determine x(-8).
-13
Let f(j) = -j**2 - 21*j - 4. Give f(-8).
100
Let c(h) = 11*h - 5. Determine c(1).
6
Let r(g) = -2*g**3 + 12*g**2 - 7*g - 2. Calculate r(5).
13
Let f(l) = -19*l - 172. Give f(-10).
18
Let a(z) = -z**3 + 4*z**2 - 5*z + 14. Calculate a(4).
-6
Let g(q) = -q**2 - 3*q + 2. Give g(-4).
-2
Let f(s) = 2*s**2 + 7*s - 22. Calculate f(-7).
27
Let q(j) = j**2 - 4*j + 4. Determine q(3).
1
Let f(l) = l**3 + 4*l**2 + 16*l - 32. Determine f(2).
24
Let u(x) = 17*x**2 - 2*x - 5. Calculate u(-3).
154
Let x(s) = s - 14. Calculate x(-7).
-21
Let g(j) = 3*j**2 - 44*j - 29. Determine g(15).
-14
Let q(j) = -j**3 + 6*j**2 + 2*j. Calculate q(5).
35
Let k(a) = 5*a + 9. Give k(-6).
-21
Let k(z) = 16*z - 16. Give k(2).
16
Let c(k) = 8*k - 123. Give c(18).
21
Let o(d) = -d**3 - 12*d**2 - d - 12. Determine o(-12).
0
Let q(v) = -v**3 - v**2 + v - 4. What is q(-4)?
40
Let d(c) = -7*c - 167. Calculate d(-24).
1
Let a(l) = 4*l**3 + l**2 + 2*l + 2. Determine a(-2).
-30
Let i(c) = -2*c**3 + 5*c**2 + 2*c + 10. Calculate i(5).
-105
Let b(l) = 4*l**2 - 8*l + 2. Determine b(5).
62
Let d(s) = -s**3 - 41*s**2 + 41*s - 50. What is d(-42)?
-8
Let v(y) = -y**2 - 2*y + 1. Give v(-3).
-2
Let d(z) = 81*z - 255. Determine d(3).
-12
Let k(v) = -3*v**2 + 29*v + 10. Calculate k(12).
-74
Let c(t) = -t**3 + 14*t**2 + 17*t - 22. Determine c(15).
8
Let y(n) = n**3 + 3*n**2 - 2*n + 2. Determine y(-3).
8
Let s(t) = -2*t**3 + 16*t**2 + 22*t - 38. Give s(9).
-2
Let g(k) = -3*k + 2. Determine g(3).
-7
Let c(z) = -3*z**2 - 6*z - 12. Give c(-3).
-21
Let f(j) = -j**2 + 11*j - 1. Give f(8).
23
Let y(g) = -g + 7. Give y(5).
2
Let t(u) = -60*u + 2. Give t(1).
-58
Let r(b) = -b**3 - 6*b**2 + 19*b + 9. Give r(-8).
-15
Let f(w) = w**2 - 21*w - 86. Calculate f(24).
-14
Let n(l) = l**3 - 10*l**2 + 3*l - 14. Determine n(10).
16
Let c(a) = 2*a**2 + 29*a + 21. Give c(-14).
7
Let u(i) = -3*i**3 - 15*i**2 + 7*i + 9. What is u(-5)?
-26
Let j(a) = a**2 + 13*a + 20. Determine j(-9).
-16
Let x(u) = -6*u - 9. Give x(-2).
3
Let m(f) = f**2 + 30*f + 22. What is m(-29)?
-7
Let g(h) = -27*h**3 + h**2 - 1. Determine g(-1).
27
Let f(o) = -32*o - 8. What is f(-1)?
24
Let a(t) = -2*t + 3. Calculate a(3).
-3
Let c(p) = -2*p**2 - 6*p + 1. Give c(4).
-55
Let f(j) = j**2 + 11*j + 13. Give f(-9).
-5
Let v(n) = -3*n**2 + 94*n + 63. What is v(32)?
-1
Let y(j) = j**3 + 10*j**2 - 12*j - 15. What is y(-11)?
-4
Let p(f) = -f**2 + 11*f + 18. What is p(14)?
-24
Let d(b) = 5*b - 36. Determine d(5).
-11
Let j(x) = 3*x + 2. Give j(-1).
-1
Let j(a) = -a**2 - 8*a - 7. What is j(-10)?
-27
Let r(u) = -2*u + 6. What is r(3)?
0
Let z(y) = 49*y - 335. Give z(7).
8
Let s(h) = -h**2 - 3*h + 8. What is s(2)?
-2
Let j(f) = -f**2 + 20*f - 51. Determine j(17).
0
Let z(p) = 4*p**2 + 9. What is z(-5)?
109
Let s(m) = -4*m**3 - 2*m. Give s(-2).
36
Let a(q) = -2*q**3 - 2*q**2 + 2. Calculate a(-3).
38
Let d(h) = -6*h + 10. What is d(4)?
-14
Let h(r) = -r**3 + 4*r**2 + 6*r - 24. What is h(4)?
0
Let q(w) = -w**3 + 32*w**2 + 65*w + 69. Calculate q(34).
-33
Let x(a) = -a**3 - 7*a**2 - 9*a + 27. Determine x(-6).
45
Let w(b) = -4*b**3 - 6*b**2 + b + 6. Give w(-1).
3
Let x(a) = -4*a - 4. Give x(3).
-16
Let b(u) = 8*u - 5. What is b(4)?
27
Let m(v) = v**3 + 3*v**2 - 9. What is m(-2)?
-5
Let d(k) = 2*k**3 + 41*k**2 + 20*k. Determine d(-20).
0
Let r(b) = b**2 - 12*b + 21. Calculate r(11).
10
Let g(k) = k**3 - 6*k**2 - 17*k + 13. What is g(7)?
-57
Let u(t) = t**2 + 5*t + 3. Calculate u(-5).
3
Let i(a) = a**3 + 21*a**2 - 44*a - 2. Calculate i(-23).
-48
Let z(u) = u**3 + 6*u**2 - 6*u - 4. Give z(-7).
-11
Let i(b) = -8*b + 81. Calculate i(11).
-7
Let h(p) = p**3 - 13*p**2 + 40*p - 4. Give h(5).
-4
Let a(r) = -r**3 + r**2 + r + 13. What is a(0)?
13
Let g(d) = d**2 + 35*d + 13. Give g(-29).
-161
Let l(q) = q**2 + 2*q - 31. Calculate l(-6).
-7
Let u(r) = 27*r + 10. Determine u(-3).
-71
Let y(c) = -c**3 + 4*c**2 - 7*c + 63. Determine y(5).
3
Let m(y) = -6*y**2 + 11*y + 12. Determine m(6).
-138
Let u(g) = g**2 + 13*g + 1. What is u(-13)?
1
Let p(z) = -z**3 - 2*z**2 + 3*z + 4. Calculate p(2).
-6
Let m(w) = w**3 - 13*w**2 - 15*w + 7. What is m(14)?
-7
Let v(r) = 6*r**2 - 44*r - 27. What is v(8)?
5
Let w(j) = j**2 + 6*j + 7. Calculate w(-6).
7
Let p(t) = -t**2 + 5*t - 47. Give p(0).
-47
Let i(d) = 14*d**2 + 51*d - 10. Give i(-4).
10
Let y(z) = -z**2 - 30*z - 96. Give y(-25).
29
Let j(s) = s - 6. Calculate j(6).
0
Let m(l) = 20*l**3 